{"id":2276,"date":"2025-04-21T21:54:53","date_gmt":"2025-04-21T21:54:53","guid":{"rendered":"https:\/\/informedeactividesfesi.iztacala.unam.mx\/?page_id=2276"},"modified":"2025-04-23T00:58:08","modified_gmt":"2025-04-23T00:58:08","slug":"premios-y-distinciones-3","status":"publish","type":"page","link":"https:\/\/informedeactividesfesi.iztacala.unam.mx\/index.php\/premios-y-distinciones-3\/","title":{"rendered":"Premios y distinciones"},"content":{"rendered":"\n<p>En este 2024, felicito amplia y merecidamente a alumnos y profesores que recibieron reconocimientos y premios.<\/p>\n\n\n\n<h2 class=\"wp-block-heading has-text-color has-large-font-size\" style=\"color:#c19f7e\"><strong>ESTUDIANTES<\/strong><\/h2>\n\n\n\n<p>El Premio al Servicio Social \u201cDr. Gustavo Baz Prada\u201d 2024, lo obtuvieron cinco alumnos de la carrera de Biolog\u00eda, uno de Cirujano Dentista, dos de Enfermer\u00eda, dos de M\u00e9dico Cirujano, tres de Optometr\u00eda y uno de Psicolog\u00eda.<\/p>\n\n\n<div class=\"wp-block-image\">\n<figure class=\"aligncenter size-large is-resized\"><img decoding=\"async\" loading=\"lazy\" src=\"https:\/\/informedeactividesfesi.iztacala.unam.mx\/wp-content\/uploads\/2025\/04\/Captura-de-pantalla-2025-04-22-a-las-2.20.38-p.m-1024x576.png\" alt=\"\" class=\"wp-image-2479\" width=\"607\" height=\"341\" srcset=\"https:\/\/informedeactividesfesi.iztacala.unam.mx\/wp-content\/uploads\/2025\/04\/Captura-de-pantalla-2025-04-22-a-las-2.20.38-p.m-1024x576.png 1024w, https:\/\/informedeactividesfesi.iztacala.unam.mx\/wp-content\/uploads\/2025\/04\/Captura-de-pantalla-2025-04-22-a-las-2.20.38-p.m-300x169.png 300w, https:\/\/informedeactividesfesi.iztacala.unam.mx\/wp-content\/uploads\/2025\/04\/Captura-de-pantalla-2025-04-22-a-las-2.20.38-p.m-768x432.png 768w, https:\/\/informedeactividesfesi.iztacala.unam.mx\/wp-content\/uploads\/2025\/04\/Captura-de-pantalla-2025-04-22-a-las-2.20.38-p.m.png 1398w\" sizes=\"(max-width: 607px) 100vw, 607px\" \/><\/figure><\/div>\n\n<div class=\"wp-block-image\">\n<figure class=\"aligncenter size-large is-resized\"><img decoding=\"async\" loading=\"lazy\" src=\"https:\/\/informedeactividesfesi.iztacala.unam.mx\/wp-content\/uploads\/2025\/04\/Captura-de-pantalla-2025-04-22-a-las-2.20.47-p.m-701x1024.png\" alt=\"\" class=\"wp-image-2480\" width=\"606\" height=\"884\" srcset=\"https:\/\/informedeactividesfesi.iztacala.unam.mx\/wp-content\/uploads\/2025\/04\/Captura-de-pantalla-2025-04-22-a-las-2.20.47-p.m-701x1024.png 701w, https:\/\/informedeactividesfesi.iztacala.unam.mx\/wp-content\/uploads\/2025\/04\/Captura-de-pantalla-2025-04-22-a-las-2.20.47-p.m-206x300.png 206w, https:\/\/informedeactividesfesi.iztacala.unam.mx\/wp-content\/uploads\/2025\/04\/Captura-de-pantalla-2025-04-22-a-las-2.20.47-p.m-768x1121.png 768w, https:\/\/informedeactividesfesi.iztacala.unam.mx\/wp-content\/uploads\/2025\/04\/Captura-de-pantalla-2025-04-22-a-las-2.20.47-p.m-1052x1536.png 1052w, https:\/\/informedeactividesfesi.iztacala.unam.mx\/wp-content\/uploads\/2025\/04\/Captura-de-pantalla-2025-04-22-a-las-2.20.47-p.m-1403x2048.png 1403w, https:\/\/informedeactividesfesi.iztacala.unam.mx\/wp-content\/uploads\/2025\/04\/Captura-de-pantalla-2025-04-22-a-las-2.20.47-p.m.png 1418w\" sizes=\"(max-width: 606px) 100vw, 606px\" \/><\/figure><\/div>\n\n\n<p>La alumna Itzel Mu\u00f1oz Ju\u00e1rez de la carrera de Optometr\u00eda obtuvo el Premio Carlos Graef 2024, que otorga la Sociedad Mexicana de F\u00edsica en el marco de la celebraci\u00f3n del LXVII Congreso Nacional de F\u00edsica en el apartado de \u00d3ptica, dicho trabajo fue coordinado por los profesores Dr. Daniel Aguirre Aguirre, Dr. Mart\u00edn Isa\u00edas Rodr\u00edguez Rodr\u00edguez y Mtra. Ruth Eva Hern\u00e1ndez Carvajal.<\/p>\n\n\n\n<p>El premio Alzheimer 2023-2024 Fundaci\u00f3n MoIs\u00e9s Itzkowich- FUNAM, en Especialidad o Maestr\u00eda Investigaci\u00f3n B\u00e1sica o Precl\u00ednica lo obtuvieron los alumnos del posgrado de neurobiolog\u00eda: Jos\u00e9 de Jes\u00fas Andrade Guerrero obtuvo el primer lugar, Paola Rodr\u00edguez Arellano el segundo lugar y Claudia Dorado Mart\u00ednez el tercer lugar. Adem\u00e1s, los alumnos del doctorado en Psicolog\u00eda obtuvieron en la categor\u00eda Especialidad o Maestr\u00eda Investigaci\u00f3n Cl\u00ednica, la alumna Anaid Juanita Vera Romero obtuvo el primer lugar; por \u00faltimo, y del mismo doctorado en la categor\u00eda Investigaci\u00f3n B\u00e1sica o Precl\u00ednica, la alumna Martina Ferrari D\u00edaz obtuvo el tercer lugar.<\/p>\n\n\n\n<p>Gabriela Michel Monjaras L\u00f3pez y Diego Vargas Alonso, prestadores en servicio social de la carrera de Cirujano Dentista, fueron galardonados con el primer lugar del Premio Municipal de la Juventud Narciso Mendoza, promovido por el Instituto Tultitlense de la Juventud (INTUJUVE), en la categor\u00eda de Impacto Social, el pasado 31 de agosto de 2024.<\/p>\n\n\n\n<p>Las alumnas Miriam Yaqueline Ponce Lezama y Karla Ximena V\u00e1zquez P\u00e9rez de la carrera de M\u00e9dico Cirujano obtuvieron el Tercer lugar en la presentaci\u00f3n oral en la categor\u00eda de investigaci\u00f3n educativa en el VII Congreso Nacional de Investigaci\u00f3n Cient\u00edfica y Educativa en Medicina de la Red MEDICI.<\/p>\n\n\n\n<p>La Asociaci\u00f3n Mexicana de Facultades y Escuelas de Medicina (AMFEM) le otorg\u00f3 el Reconocimiento Mejores Estudiantes de Medicina de M\u00e9xico al alumno \u00c1ngel Uriel Casta\u00f1eda Isidro, que pertenece a la carrera de M\u00e9dico Cirujano.<\/p>\n\n\n\n<p>En la carrera de Optometr\u00eda las alumnas Diana Laura Flores Dom\u00ednguez y Yakin Nain Peralta Flores fueron distinguidas en el Concurso de carteles cient\u00edficos en el XVI Congreso Nacional de Optometr\u00eda por la Asociaci\u00f3n Mexicana de Facultades y Escuelas, Colegios y Consejos de Optometr\u00eda, AC.<\/p>\n\n\n\n<p>La Direcci\u00f3n General de Divulgaci\u00f3n de la Ciencias de la UNAM, en el marco del Programa J\u00f3venes hacia la Investigaci\u00f3n otorg\u00f3 Menci\u00f3n Honor\u00edfica y el Segundo Lugar por cartel cient\u00edfico a la alumna de la carrera de Psicolog\u00eda Karen Andrea Gonz\u00e1lez Reynoso.<\/p>\n\n\n\n<h2 class=\"wp-block-heading has-text-color has-large-font-size\" style=\"color:#c19f7e\"><strong>DEPORTISTAS<\/strong><\/h2>\n\n\n\n<p>Aunque en primera instancia muchos desestimaron su impacto, la industria de los deportes electr\u00f3nicos ha tenido un gran crecimiento a nivel mundial en los \u00faltimos a\u00f1os. Por tanto, se ha vuelto frecuente la existencia de competencias en busca del gamer m\u00e1s h\u00e1bil, ya sea a nivel estatal, nacional o internacional. Competencias universitarias en ascenso. Recientemente, en la Universiada 2024, Roberto Vadillo Gonz\u00e1lez y Abraham Alejandro Casta\u00f1eda Ram\u00edrez, estudiantes del sexto y cuarto semestre de la carrera de Psicolog\u00eda, obtuvieron, respectivamente, la medalla de plata y bronce en la categor\u00eda del juego Super Smash Bros Ultimate.<\/p>\n\n\n\n<p>Entre los adeptos al Lima Lama, se encuentra Elizabeth Delgado V\u00e1zquez, estudiante de la FES Iztacala, quien en los \u00faltimos a\u00f1os ha ganado varias medallas. Las m\u00e1s recientes fueron en el Campeonato Nacional Tamaiti 2024, donde obtuvo tres medallas: dos de plata y una de bronce. <\/p>\n\n\n<div class=\"wp-block-image\">\n<figure class=\"aligncenter size-large is-resized\"><img decoding=\"async\" loading=\"lazy\" src=\"https:\/\/informedeactividesfesi.iztacala.unam.mx\/wp-content\/uploads\/2025\/04\/thumb_IMG_5945_1024_-edited.png\" alt=\"\" class=\"wp-image-2483\" width=\"831\" height=\"519\" srcset=\"https:\/\/informedeactividesfesi.iztacala.unam.mx\/wp-content\/uploads\/2025\/04\/thumb_IMG_5945_1024_-edited.png 1086w, https:\/\/informedeactividesfesi.iztacala.unam.mx\/wp-content\/uploads\/2025\/04\/thumb_IMG_5945_1024_-edited-300x187.png 300w, https:\/\/informedeactividesfesi.iztacala.unam.mx\/wp-content\/uploads\/2025\/04\/thumb_IMG_5945_1024_-edited-1024x639.png 1024w, https:\/\/informedeactividesfesi.iztacala.unam.mx\/wp-content\/uploads\/2025\/04\/thumb_IMG_5945_1024_-edited-768x479.png 768w\" sizes=\"(max-width: 831px) 100vw, 831px\" \/><\/figure><\/div>\n\n\n<div style=\"height:100px\" aria-hidden=\"true\" class=\"wp-block-spacer\"><\/div>\n\n\n\n<h2 class=\"wp-block-heading has-text-color has-large-font-size\" style=\"color:#c19f7e\"><strong>PROFESORAS Y PROFESORES<\/strong><\/h2>\n\n\n\n<p>El reconocimiento \u201cSor Juana In\u00e9s de la Cruz\u201d 2024 se otorg\u00f3 a la Dra. Gloria Luz Paniagua Contreras.<\/p>\n\n\n\n<p>El Reconocimiento Distinci\u00f3n Universidad Nacional para J\u00f3venes Acad\u00e9micos (RDUNJA), en su edici\u00f3n 2024 se le otorg\u00f3 al Dr. Luis Fernando Del Moral Flores.<\/p>\n\n\n\n<p>El Dr. J. Jes\u00fas Becerra Ram\u00edrez, quien es acad\u00e9mico adscrito a la carrera de Psicolog\u00eda SUAyED, obtuvo el Premio Nacional Silvia Macotela 2023 otorgado durante el 2024, de acuerdo a la convocatoria publicada.<\/p>\n\n\n\n<p>La Presea Estado de M\u00e9xico en el \u00e1rea de Pedagog\u00eda y Docencia se le otorg\u00f3 al Dr. Marco Antonio Gonz\u00e1lez Villa adscrito a Psicolog\u00eda SUAyED. <\/p>\n\n\n\n<p>El Reconocimiento al M\u00e9rito Acad\u00e9mico en este 2024 se otorg\u00f3 a: <\/p>\n\n\n\n<p>El Reconocimiento al M\u00e9rito Acad\u00e9mico en este 2024 se otorg\u00f3 a: <\/p>\n\n\n\n<p><\/p>\n\n\n\n<p>Profesores de Carrera<\/p>\n\n\n\n<ul>\n<li>Dra. Asela del Carmen Rodr\u00edguez Varela<\/li>\n\n\n\n<li>Dra. Georgina Leticia \u00c1lvarez Ray\u00f3n<\/li>\n\n\n\n<li>Dr. Ra\u00fal Cueva del Castillo Mendoza<\/li>\n<\/ul>\n\n\n\n<p>Profesores de Asignatura<\/p>\n\n\n\n<ul>\n<li>Dr. J. Jes\u00fas Becerra Ram\u00edrez<\/li>\n\n\n\n<li>Mtra. \u00c1frica Alexandra del Castillo Paulino<\/li>\n\n\n\n<li>Dra. Adriana Irene Hern\u00e1ndez G\u00f3mez<\/li>\n<\/ul>\n\n\n\n<p>T\u00e9cnicos Acad\u00e9micos<\/p>\n\n\n\n<ul>\n<li>Mtra. Mar\u00eda del Rosario Fern\u00e1ndez Barajas<\/li>\n<\/ul>\n\n\n\n<p>El Dr. Jos\u00e9 Luis Reyes Hern\u00e1ndez fue tutor de la alumna Luisa Fernanda Sanjuan R\u00edos de la ENP 9, ganadora del 3er lugar en el concurso \u201cInformes T\u00e9cnicos Categor\u00eda Ciencias de la Salud en FES\u201d del programa J\u00f3venes Hacia la Investigaci\u00f3n de la Direcci\u00f3n General de Divulgaci\u00f3n de la Ciencia (DGDC-UNAM).<\/p>\n\n\n\n<p>El Dr. Javier Alcocer Durand obtuvo el Premio Nacional del PCM 2024, otorgado por el Programa Mexicano del Carbono, AC.<\/p>\n\n\n\n<p>El reconocimiento \u201cEmilio Ribes Inesta\u201d que es otorgado por el Sistema Mexicano de Investigaci\u00f3n en Psicolog\u00eda lo obtuvo el Mtro. Leonardo Reynoso Erazo.<\/p>\n\n\n\n<p>El doctor Juan Alberto Ponciano G\u00f3mez recibi\u00f3 el primer premio en comunicaciones libres en gen\u00e9tica humana con el trabajo \u201cAn\u00e1lisis de la expresi\u00f3n transcript\u00f3mica y datos cl\u00ednicos en adultos no vacunados con COVID-19 seg\u00fan el grado de severidad\u201d, Congreso Latinoamericano de Gen\u00e9tica 2024.<\/p>\n\n\n\n<p>El Dr. Luis Oskar Soto Rojas fue aceptado como Acad\u00e9mico Numerario en el \u00e1rea de Fisiolog\u00eda de la Academia Nacional de Medicina de M\u00e9xico (ANMM), una instituci\u00f3n con m\u00e1s de 150 a\u00f1os de historia que impulsa el desarrollo m\u00e9dico en el pa\u00eds. Su ingreso fue resultado de un riguroso proceso de selecci\u00f3n que valor\u00f3 su trayectoria profesional, excelencia acad\u00e9mica, participaci\u00f3n en sociedades cient\u00edficas y producci\u00f3n cient\u00edfica destacada.<\/p>\n\n\n\n<h2 class=\"wp-block-heading has-text-color has-large-font-size\" style=\"color:#c19f7e\"><strong>INSTITUCIONAL<\/strong> <\/h2>\n\n\n\n<div class=\"wp-block-columns is-layout-flex wp-container-3\">\n<div class=\"wp-block-column is-layout-flow\">\n<div style=\"height:26px\" aria-hidden=\"true\" class=\"wp-block-spacer\"><\/div>\n\n\n\n<figure class=\"wp-block-image size-large\"><img decoding=\"async\" loading=\"lazy\" width=\"1024\" height=\"734\" src=\"https:\/\/informedeactividesfesi.iztacala.unam.mx\/wp-content\/uploads\/2025\/04\/Captura-de-pantalla-2025-04-21-a-las-3.53.38-p.m-1024x734.png\" alt=\"\" class=\"wp-image-2283\" srcset=\"https:\/\/informedeactividesfesi.iztacala.unam.mx\/wp-content\/uploads\/2025\/04\/Captura-de-pantalla-2025-04-21-a-las-3.53.38-p.m-1024x734.png 1024w, https:\/\/informedeactividesfesi.iztacala.unam.mx\/wp-content\/uploads\/2025\/04\/Captura-de-pantalla-2025-04-21-a-las-3.53.38-p.m-300x215.png 300w, https:\/\/informedeactividesfesi.iztacala.unam.mx\/wp-content\/uploads\/2025\/04\/Captura-de-pantalla-2025-04-21-a-las-3.53.38-p.m-768x550.png 768w, https:\/\/informedeactividesfesi.iztacala.unam.mx\/wp-content\/uploads\/2025\/04\/Captura-de-pantalla-2025-04-21-a-las-3.53.38-p.m-1536x1101.png 1536w, https:\/\/informedeactividesfesi.iztacala.unam.mx\/wp-content\/uploads\/2025\/04\/Captura-de-pantalla-2025-04-21-a-las-3.53.38-p.m-2048x1468.png 2048w\" sizes=\"(max-width: 1024px) 100vw, 1024px\" \/><\/figure>\n<\/div>\n\n\n\n<div class=\"wp-block-column is-layout-flow\">\n<p>En el marco del VIII Congreso Internacional de Educaci\u00f3n M\u00e9dica y el VII Congreso Internacional de Simulaci\u00f3n en Educaci\u00f3n M\u00e9dica, se llev\u00f3 a cabo el Torneo de Casos Cl\u00ednicos con Pacientes Virtuales Estandarizados, organizado por la Asociaci\u00f3n Mexicana de Facultades y Escuelas de Medicina, AC (AMFEM); el evento se celebr\u00f3 del 18 al 22 de junio de 2024 en Mazatl\u00e1n, Sinaloa, y reuni\u00f3 a m\u00e1s de 40 equipos de todo el pa\u00eds. Los alumnos de la carrera de M\u00e9dico Cirujano del Centro Internacional de Simulaci\u00f3n y Entrenamiento en Soporte Vital Iztacala (CISESVI) lograron obtener el segundo lugar en esta competencia, demostrando su excelencia acad\u00e9mica y habilidad en la resoluci\u00f3n de casos cl\u00ednicos complejos utilizando pacientes virtuales estandarizados. Sus nombres son: V\u00edctor Hugo Machorro Gonz\u00e1lez, Andrea Daniela Palacios Michel, Montserrat Candia Teapila, Santiago Torres Ochoa, Aldo Palacios Espinoza, Viridiana Araceli Mendoza y Andr\u00e9s Aguilar Buitr\u00f3n.<\/p>\n<\/div>\n<\/div>\n\n\n\n<figure class=\"wp-block-image alignfull size-full\"><img decoding=\"async\" loading=\"lazy\" width=\"1650\" height=\"377\" src=\"https:\/\/informedeactividesfesi.iztacala.unam.mx\/wp-content\/uploads\/2025\/04\/IDENTIDAD-PRIMER-INFORME-WEB-8.png\" alt=\"\" class=\"wp-image-2523\" srcset=\"https:\/\/informedeactividesfesi.iztacala.unam.mx\/wp-content\/uploads\/2025\/04\/IDENTIDAD-PRIMER-INFORME-WEB-8.png 1650w, https:\/\/informedeactividesfesi.iztacala.unam.mx\/wp-content\/uploads\/2025\/04\/IDENTIDAD-PRIMER-INFORME-WEB-8-300x69.png 300w, https:\/\/informedeactividesfesi.iztacala.unam.mx\/wp-content\/uploads\/2025\/04\/IDENTIDAD-PRIMER-INFORME-WEB-8-1024x234.png 1024w, https:\/\/informedeactividesfesi.iztacala.unam.mx\/wp-content\/uploads\/2025\/04\/IDENTIDAD-PRIMER-INFORME-WEB-8-768x175.png 768w, https:\/\/informedeactividesfesi.iztacala.unam.mx\/wp-content\/uploads\/2025\/04\/IDENTIDAD-PRIMER-INFORME-WEB-8-1536x351.png 1536w\" sizes=\"(max-width: 1650px) 100vw, 1650px\" \/><\/figure>\n\n\n\n<p><\/p>\n\n\n\n<div class=\"wp-block-buttons is-content-justification-center is-layout-flex wp-container-4\">\n<div class=\"wp-block-button\"><a class=\"wp-block-button__link has-nv-text-dark-bg-color has-text-color has-background wp-element-button\" href=\"https:\/\/informedeactividesfesi.iztacala.unam.mx\/index.php\/informe-2024\/\" style=\"background-color:#cd9695\">VOLVER AL MEN\u00da<\/a><\/div>\n<\/div>\n","protected":false},"excerpt":{"rendered":"<p>En este 2024, felicito amplia y merecidamente a alumnos y profesores que recibieron reconocimientos y premios. ESTUDIANTES El Premio al Servicio Social \u201cDr. Gustavo Baz Prada\u201d 2024, lo obtuvieron cinco alumnos de la carrera de Biolog\u00eda, uno de Cirujano Dentista, dos de Enfermer\u00eda, dos de M\u00e9dico Cirujano, tres de Optometr\u00eda y uno de Psicolog\u00eda. La&hellip;&nbsp;<a href=\"https:\/\/informedeactividesfesi.iztacala.unam.mx\/index.php\/premios-y-distinciones-3\/\" class=\"\" rel=\"bookmark\">Leer m\u00e1s &raquo;<span class=\"screen-reader-text\">Premios y distinciones<\/span><\/a><\/p>\n","protected":false},"author":9,"featured_media":0,"parent":0,"menu_order":0,"comment_status":"closed","ping_status":"closed","template":"","meta":{"neve_meta_sidebar":"full-width","neve_meta_container":"","neve_meta_enable_content_width":"on","neve_meta_content_width":100,"neve_meta_title_alignment":"","neve_meta_author_avatar":"","neve_post_elements_order":"","neve_meta_disable_header":"","neve_meta_disable_footer":"","neve_meta_disable_title":"","spay_email":""},"_links":{"self":[{"href":"https:\/\/informedeactividesfesi.iztacala.unam.mx\/index.php\/wp-json\/wp\/v2\/pages\/2276"}],"collection":[{"href":"https:\/\/informedeactividesfesi.iztacala.unam.mx\/index.php\/wp-json\/wp\/v2\/pages"}],"about":[{"href":"https:\/\/informedeactividesfesi.iztacala.unam.mx\/index.php\/wp-json\/wp\/v2\/types\/page"}],"author":[{"embeddable":true,"href":"https:\/\/informedeactividesfesi.iztacala.unam.mx\/index.php\/wp-json\/wp\/v2\/users\/9"}],"replies":[{"embeddable":true,"href":"https:\/\/informedeactividesfesi.iztacala.unam.mx\/index.php\/wp-json\/wp\/v2\/comments?post=2276"}],"version-history":[{"count":7,"href":"https:\/\/informedeactividesfesi.iztacala.unam.mx\/index.php\/wp-json\/wp\/v2\/pages\/2276\/revisions"}],"predecessor-version":[{"id":2540,"href":"https:\/\/informedeactividesfesi.iztacala.unam.mx\/index.php\/wp-json\/wp\/v2\/pages\/2276\/revisions\/2540"}],"wp:attachment":[{"href":"https:\/\/informedeactividesfesi.iztacala.unam.mx\/index.php\/wp-json\/wp\/v2\/media?parent=2276"}],"curies":[{"name":"wp","href":"https:\/\/api.w.org\/{rel}","templated":true}]}}