{"id":487,"date":"2022-02-21T20:19:48","date_gmt":"2022-02-21T20:19:48","guid":{"rendered":"https:\/\/informedeactividesfesi.iztacala.unam.mx\/?page_id=487"},"modified":"2022-03-10T02:10:16","modified_gmt":"2022-03-10T02:10:16","slug":"posgrado-22","status":"publish","type":"page","link":"https:\/\/informedeactividesfesi.iztacala.unam.mx\/index.php\/posgrado-22\/","title":{"rendered":"Posgrado"},"content":{"rendered":"\n<p>La FESI participa en 18 programas de posgrado, incluyendo ocho maestr\u00edas, cinco doctorados y cinco especializaciones.<\/p>\n\n\n\n<h2 class=\"has-nv-c-1-color has-text-color has-large-font-size wp-block-heading\"><strong>Alumnos<\/strong><\/h2>\n\n\n\n<p>Se cuenta con 453 alumnos de posgrado, de ellos, 79 cursan una es- pecializaci\u00f3n, 250 maestr\u00eda y 124 doctorado. El 77.70% cuentan con beca. En 2021 obtuvieron su grado 103 alumnos, 25 a nivel de espe- cializaci\u00f3n, 60 de maestr\u00eda y 18 de doctorado.<\/p>\n\n\n\n<hr class=\"wp-block-separator\"\/>\n\n\n\n<h2 class=\"has-nv-c-1-color has-text-color has-large-font-size wp-block-heading\"><strong>Tutores de posgrado<\/strong><\/h2>\n\n\n\n<p>La FESI tiene 268 tutores de posgrado, quienes dirigen 450 tesis, de las cuales en 2021 se concluyeron 151.<\/p>\n\n\n\n<div class=\"wp-block-image\"><figure class=\"aligncenter size-full\"><img decoding=\"async\" loading=\"lazy\" width=\"600\" height=\"800\" src=\"https:\/\/informedeactividesfesi.iztacala.unam.mx\/wp-content\/uploads\/2022\/03\/22-37.png\" alt=\"\" class=\"wp-image-576\" srcset=\"https:\/\/informedeactividesfesi.iztacala.unam.mx\/wp-content\/uploads\/2022\/03\/22-37.png 600w, https:\/\/informedeactividesfesi.iztacala.unam.mx\/wp-content\/uploads\/2022\/03\/22-37-225x300.png 225w\" sizes=\"(max-width: 600px) 100vw, 600px\" \/><\/figure><\/div>\n\n\n\n<div class=\"wp-block-cover alignfull\" style=\"min-height:100px\"><span aria-hidden=\"true\" class=\"has-nv-light-bg-background-color has-background-dim-100 wp-block-cover__gradient-background has-background-dim\"><\/span><div class=\"wp-block-cover__inner-container\">\n<p><\/p>\n\n\n\n<div class=\"wp-block-buttons alignwide is-content-justification-center is-layout-flex wp-container-1\">\n<div class=\"wp-block-button is-style-primary\"><a class=\"wp-block-button__link has-nv-site-bg-color has-nv-c-1-background-color has-text-color has-background\" href=\"https:\/\/informedeactividesfesi.iztacala.unam.mx\/index.php\/informe-2021\/\" style=\"border-radius:87px\">VOLVER AL MEN\u00da PRINCIPAL<\/a><\/div>\n<\/div>\n\n\n\n<p><\/p>\n<\/div><\/div>\n","protected":false},"excerpt":{"rendered":"<p>La FESI participa en 18 programas de posgrado, incluyendo ocho maestr\u00edas, cinco doctorados y cinco especializaciones. Alumnos Se cuenta con 453 alumnos de posgrado, de ellos, 79 cursan una es- pecializaci\u00f3n, 250 maestr\u00eda y 124 doctorado. El 77.70% cuentan con beca. En 2021 obtuvieron su grado 103 alumnos, 25 a nivel de espe- cializaci\u00f3n, 60&hellip;&nbsp;<a href=\"https:\/\/informedeactividesfesi.iztacala.unam.mx\/index.php\/posgrado-22\/\" class=\"\" rel=\"bookmark\">Leer m\u00e1s &raquo;<span class=\"screen-reader-text\">Posgrado<\/span><\/a><\/p>\n","protected":false},"author":3,"featured_media":0,"parent":0,"menu_order":0,"comment_status":"closed","ping_status":"closed","template":"","meta":{"neve_meta_sidebar":"full-width","neve_meta_container":"","neve_meta_enable_content_width":"on","neve_meta_content_width":100,"neve_meta_title_alignment":"","neve_meta_author_avatar":"","neve_post_elements_order":"","neve_meta_disable_header":"","neve_meta_disable_footer":"","neve_meta_disable_title":"","spay_email":""},"_links":{"self":[{"href":"https:\/\/informedeactividesfesi.iztacala.unam.mx\/index.php\/wp-json\/wp\/v2\/pages\/487"}],"collection":[{"href":"https:\/\/informedeactividesfesi.iztacala.unam.mx\/index.php\/wp-json\/wp\/v2\/pages"}],"about":[{"href":"https:\/\/informedeactividesfesi.iztacala.unam.mx\/index.php\/wp-json\/wp\/v2\/types\/page"}],"author":[{"embeddable":true,"href":"https:\/\/informedeactividesfesi.iztacala.unam.mx\/index.php\/wp-json\/wp\/v2\/users\/3"}],"replies":[{"embeddable":true,"href":"https:\/\/informedeactividesfesi.iztacala.unam.mx\/index.php\/wp-json\/wp\/v2\/comments?post=487"}],"version-history":[{"count":2,"href":"https:\/\/informedeactividesfesi.iztacala.unam.mx\/index.php\/wp-json\/wp\/v2\/pages\/487\/revisions"}],"predecessor-version":[{"id":577,"href":"https:\/\/informedeactividesfesi.iztacala.unam.mx\/index.php\/wp-json\/wp\/v2\/pages\/487\/revisions\/577"}],"wp:attachment":[{"href":"https:\/\/informedeactividesfesi.iztacala.unam.mx\/index.php\/wp-json\/wp\/v2\/media?parent=487"}],"curies":[{"name":"wp","href":"https:\/\/api.w.org\/{rel}","templated":true}]}}