{"id":494,"date":"2022-02-21T20:26:22","date_gmt":"2022-02-21T20:26:22","guid":{"rendered":"https:\/\/informedeactividesfesi.iztacala.unam.mx\/?page_id=494"},"modified":"2022-03-10T02:49:25","modified_gmt":"2022-03-10T02:49:25","slug":"educacion-continua-22","status":"publish","type":"page","link":"https:\/\/informedeactividesfesi.iztacala.unam.mx\/index.php\/educacion-continua-22\/","title":{"rendered":"Educaci\u00f3n Continua y Extensi\u00f3n Universitaria"},"content":{"rendered":"\n<p>Durante el transcurso de 2021, en la Divisi\u00f3n de Extensi\u00f3n Universitaria se ofertaron 137 actividades de educaci\u00f3n continua, de las cuales 69 fueron webinars y 13 cursos que se dieron de manera gratuita como apoyo a nuestra comunidad, teniendo alcance internacional a pa\u00edses como Alemania, Argentina, Bolivia, Brasil, Colombia, Chile, Cuba, Ecuador, El Salvador, Espa\u00f1a, Estados Unidos, Pa\u00edses Bajos, Nicaragua, Per\u00fa, Uruguay y Venezuela. Se tuvieron 27 876 asistentes y la participaci\u00f3n de 534 ponentes, todas las actividades se llevaron a cabo en la modalidad a distancia.<\/p>\n\n\n\n<figure class=\"wp-block-image alignfull size-large\"><img decoding=\"async\" loading=\"lazy\" width=\"1024\" height=\"32\" src=\"https:\/\/informedeactividesfesi.iztacala.unam.mx\/wp-content\/uploads\/2022\/03\/22-87-1024x32.png\" alt=\"\" class=\"wp-image-591\" srcset=\"https:\/\/informedeactividesfesi.iztacala.unam.mx\/wp-content\/uploads\/2022\/03\/22-87-1024x32.png 1024w, https:\/\/informedeactividesfesi.iztacala.unam.mx\/wp-content\/uploads\/2022\/03\/22-87-300x9.png 300w, https:\/\/informedeactividesfesi.iztacala.unam.mx\/wp-content\/uploads\/2022\/03\/22-87-768x24.png 768w, https:\/\/informedeactividesfesi.iztacala.unam.mx\/wp-content\/uploads\/2022\/03\/22-87-1536x48.png 1536w, https:\/\/informedeactividesfesi.iztacala.unam.mx\/wp-content\/uploads\/2022\/03\/22-87.png 1600w\" sizes=\"(max-width: 1024px) 100vw, 1024px\" \/><\/figure>\n\n\n\n<p>Actualmente, contamos con 61 diplomados distribuidos de la siguiente manera: cinco de Biolog\u00eda, 10 de Cirujano Dentista, 10 de Enfermer\u00eda, una Especializaci\u00f3n en Ortodoncia, ocho de Optometr\u00eda y 27 de Psicolog\u00eda.<\/p>\n\n\n\n<p>Es importante se\u00f1alar que gracias a la simplificaci\u00f3n de los procesos de aprobaci\u00f3n de los diplomados (sin mermar su calidad acad\u00e9mica) aprobada por el HCT, se favoreci\u00f3 el incremento de los diplomados ofertados como opci\u00f3n a titulaci\u00f3n; de esta manera, se abrieron 32 nuevos diplomados con opci\u00f3n a titulaci\u00f3n: uno de Biolog\u00eda, tres de Enfermer\u00eda, cinco multidisciplinarios, tres de Optometr\u00eda y 20 de Psicolog\u00eda, con una inscripci\u00f3n de 724 alumnos egresados de la UNAM.<\/p>\n\n\n\n<p>Para apoyar la formaci\u00f3n docente de la plantilla acad\u00e9mica de la FES Iztacala, se impartieron nueve cursos-talleres con la asistencia de 116 profesores. Cinco de estos cursos se organizaron con apoyo de la Direcci\u00f3n General de Tecnolog\u00edas de la Informaci\u00f3n y la Comunicaci\u00f3n.<\/p>\n\n\n\n<div class=\"wp-block-columns is-layout-flex wp-container-3\">\n<div class=\"wp-block-column is-layout-flow\" style=\"flex-basis:33.33%\">\n<figure class=\"wp-block-image size-large\"><img decoding=\"async\" loading=\"lazy\" width=\"1024\" height=\"535\" src=\"https:\/\/informedeactividesfesi.iztacala.unam.mx\/wp-content\/uploads\/2022\/03\/22-88a-1024x535.png\" alt=\"\" class=\"wp-image-593\" srcset=\"https:\/\/informedeactividesfesi.iztacala.unam.mx\/wp-content\/uploads\/2022\/03\/22-88a-1024x535.png 1024w, https:\/\/informedeactividesfesi.iztacala.unam.mx\/wp-content\/uploads\/2022\/03\/22-88a-300x157.png 300w, https:\/\/informedeactividesfesi.iztacala.unam.mx\/wp-content\/uploads\/2022\/03\/22-88a-768x401.png 768w, https:\/\/informedeactividesfesi.iztacala.unam.mx\/wp-content\/uploads\/2022\/03\/22-88a.png 1200w\" sizes=\"(max-width: 1024px) 100vw, 1024px\" \/><\/figure>\n<\/div>\n\n\n\n<div class=\"wp-block-column is-layout-flow\" style=\"flex-basis:66.66%\">\n<p>En el \u00e1rea de capacitaci\u00f3n y en colaboraci\u00f3n con otras entidades del sector p\u00fablico o privado del pa\u00eds, se realizaron 101 actividades acad\u00e9micas en la modalidad a distancia a trav\u00e9s de la plataforma Moodle institucional, distribuidas en 69 cursos-taller, 30 diplomados y 2 congresos con 2843 asistentes y 513 acad\u00e9micos, signando 99 convenios, de los cuales, 30 son con el sector gubernamental, 42 con el sector privado y 27 internacionales.<\/p>\n<\/div>\n<\/div>\n\n\n\n<p>La presencia internacional de la FES Iztacala a trav\u00e9s de la Extensi\u00f3n Universitaria se refleja en la impartici\u00f3n de 27 cursos-taller a Ecuador con 476 participantes.<\/p>\n\n\n\n<p>Se realizaron convenios de colaboraci\u00f3n con el ISSSTE, Secretar\u00eda de Gobierno, Alcald\u00eda de Xochimilco y SEP Tamaulipas.<\/p>\n\n\n\n<p>La DEU, consciente de la situaci\u00f3n laboral en nuestra \u00e1rea debido a la contingencia sanitaria, organiz\u00f3 56 actividades acad\u00e9micas en Bolsa de Trabajo, de las cuales, 17 fueron cursos-taller, 21 webinar y una feria, con la participaci\u00f3n de 11605 estudiantes, egresados de la Facultad y comunidad en general. Gracias a estos esfuerzos extraordinarios, se logr\u00f3 un ingreso de $23 992 97700.<\/p>\n\n\n\n<div class=\"wp-block-cover alignfull\" style=\"min-height:100px\"><span aria-hidden=\"true\" class=\"has-nv-light-bg-background-color has-background-dim-100 wp-block-cover__gradient-background has-background-dim\"><\/span><div class=\"wp-block-cover__inner-container\">\n<p><\/p>\n\n\n\n<div class=\"wp-block-buttons alignwide is-content-justification-center is-layout-flex wp-container-4\">\n<div class=\"wp-block-button is-style-primary\"><a class=\"wp-block-button__link has-nv-site-bg-color has-nv-c-1-background-color has-text-color has-background\" href=\"https:\/\/informedeactividesfesi.iztacala.unam.mx\/index.php\/informe-2021\/\" style=\"border-radius:87px\">VOLVER AL MEN\u00da PRINCIPAL<\/a><\/div>\n<\/div>\n\n\n\n<p><\/p>\n<\/div><\/div>\n\n\n\n<p><\/p>\n","protected":false},"excerpt":{"rendered":"<p>Durante el transcurso de 2021, en la Divisi\u00f3n de Extensi\u00f3n Universitaria se ofertaron 137 actividades de educaci\u00f3n continua, de las cuales 69 fueron webinars y 13 cursos que se dieron de manera gratuita como apoyo a nuestra comunidad, teniendo alcance internacional a pa\u00edses como Alemania, Argentina, Bolivia, Brasil, Colombia, Chile, Cuba, Ecuador, El Salvador, Espa\u00f1a,&hellip;&nbsp;<a href=\"https:\/\/informedeactividesfesi.iztacala.unam.mx\/index.php\/educacion-continua-22\/\" class=\"\" rel=\"bookmark\">Leer m\u00e1s &raquo;<span class=\"screen-reader-text\">Educaci\u00f3n Continua y Extensi\u00f3n Universitaria<\/span><\/a><\/p>\n","protected":false},"author":3,"featured_media":0,"parent":0,"menu_order":0,"comment_status":"closed","ping_status":"closed","template":"","meta":{"neve_meta_sidebar":"full-width","neve_meta_container":"","neve_meta_enable_content_width":"on","neve_meta_content_width":100,"neve_meta_title_alignment":"","neve_meta_author_avatar":"","neve_post_elements_order":"","neve_meta_disable_header":"","neve_meta_disable_footer":"","neve_meta_disable_title":"","spay_email":""},"_links":{"self":[{"href":"https:\/\/informedeactividesfesi.iztacala.unam.mx\/index.php\/wp-json\/wp\/v2\/pages\/494"}],"collection":[{"href":"https:\/\/informedeactividesfesi.iztacala.unam.mx\/index.php\/wp-json\/wp\/v2\/pages"}],"about":[{"href":"https:\/\/informedeactividesfesi.iztacala.unam.mx\/index.php\/wp-json\/wp\/v2\/types\/page"}],"author":[{"embeddable":true,"href":"https:\/\/informedeactividesfesi.iztacala.unam.mx\/index.php\/wp-json\/wp\/v2\/users\/3"}],"replies":[{"embeddable":true,"href":"https:\/\/informedeactividesfesi.iztacala.unam.mx\/index.php\/wp-json\/wp\/v2\/comments?post=494"}],"version-history":[{"count":2,"href":"https:\/\/informedeactividesfesi.iztacala.unam.mx\/index.php\/wp-json\/wp\/v2\/pages\/494\/revisions"}],"predecessor-version":[{"id":594,"href":"https:\/\/informedeactividesfesi.iztacala.unam.mx\/index.php\/wp-json\/wp\/v2\/pages\/494\/revisions\/594"}],"wp:attachment":[{"href":"https:\/\/informedeactividesfesi.iztacala.unam.mx\/index.php\/wp-json\/wp\/v2\/media?parent=494"}],"curies":[{"name":"wp","href":"https:\/\/api.w.org\/{rel}","templated":true}]}}